*g = -5*k + 80. Let i = k - 1. Suppose 2*p - i = -h, 4*p + 3*h - 22 - 8 = 0. What are the prime factors of p?
2, 3
Suppose 3*u = -2*y - 8, 5*u - 2*u - 3*y + 18 = 0. Let a = u - -7. Suppose 0 = -4*k, -a = -m + 2*k - k. List the prime factors of m.
3
List the prime factors of (66/12)/((-2)/(-12)).
3, 11
Suppose 7*q = 4*q + 3. Suppose -2*h + 2*g + 4 = 0, -3*g - 1 + 13 = 0. List the prime factors of q/(-3) - (-32)/h.
5
Let w = -7 - -15. Suppose -p = -20 + 4. What are the prime factors of (0 + 28)*w/p?
2, 7
Suppose 4*x = -4*w + 64, 2*w - x - 4 = 4*x. What are the prime factors of w?
2, 3
List the prime factors of -3 + (15/5 - -80).
2, 5
Suppose 4*k + k - 630 = 0. What are the prime factors of k?
2, 3, 7
Let i = 15 + 6. What are the prime factors of i?
3, 7
Suppose 0 = -4*j - 0*j - 16. Let h = 6 + j. Suppose -2 = -h*z + 4. What are the prime factors of z?
3
Let i = 11 + 10. Suppose -i = -j - 8. What are the prime factors of j?
13
Suppose -5*d + x + 21 = 4*x, 0 = 3*d - 2*x - 24. Suppose 26 = 7*t - d*t. What are the prime factors of t?
2, 13
Suppose -2*v + 26 - 20 = 0. Let w = -1 + v. List the prime factors of w.
2
Let p be (-15)/(-5)*(-5)/(-3). Let l(x) = x + 1. What are the prime factors of l(p)?
2, 3
Suppose 2*w - 1 = 5. Suppose f - 5*z = -10, 6 = -4*f - 0*z + w*z. Suppose f = d - 2. List the prime factors of d.
2
Let n(p) = -p + 13. What are the prime factors of n(-9)?
2, 11
List the prime factors of -4 + 2 + 31 - 1.
2, 7
Let i(y) = -y**2 + y + 3. Let z be i(0). Suppose 0 = 2*o - z*o - 1. What are the prime factors of (2/4)/(o/(-12))?
2, 3
Let x = -497 + 736. List the prime factors of x.
239
Let s(u) = u**2 - 3*u - 6. List the prime factors of s(-4).
2, 11
Let g = 1 - 1. Suppose 4*b = g, 4*p - 5*b + 16 = 52. What are the prime factors of p?
3
Suppose 0 = -18*o + 19*o - 31. List the prime factors of o.
31
Suppose 0 = -2*b + 2*f + 4, 0 = 2*b + 2*b + 5*f - 17. Suppose 9 = 4*p + b*u, 0 = -p + 4*p - 3*u - 33. Let z = -2 + p. What are the prime factors of z?
2
Let w(g) = g**3 + g**2 - 3*g - 6. Let d be w(-4). Let r = d - -69. Suppose -5*c = r - 92. What are the prime factors of c?
13
Let k(d) = 0*d - d - 2 + 2*d. Let f(y) = 1. Let x(h) = -5*f(h) - 3*k(h). List the prime factors of x(-2).
7
Let p(s) = -2*s - s - 2 + 6*s + 4. What are the prime factors of p(10)?
2
Let t(r) be the second derivative of -r**3/6 + r**2/2 + 2*r. List the prime factors of t(-4).
5
Let h = -6 - -18. What are the prime factors of h?
2, 3
Suppose 0 = -0*o - 3*o - 225. Let q be ((-24)/10)/(5/o). Suppose -3*d = d - q. List the prime factors of d.
3
Let s(y) = y**3 + y**2 - y. Let n be s(1). Suppose -b - 3 + 2 = 0. Let m = n - b. List the prime factors of m.
2
Suppose 2*n = 4, 3*n = -5*q - 162 + 3. Let g = -20 - q. Let m = g + -4. What are the prime factors of m?
3
Suppose 5*f + 7 = b - 16, -2*f - 2 = -4*b. Let c = b + 39. List the prime factors of c.
37
Suppose 3*y + 4 = 40. Suppose -3*z = y, -l = 3*l - 3*z - 116. List the prime factors of l.
2, 13
Suppose -4*l + 7 + 5 = 0. Suppose 2*s - 4*d + 6 = s, 3*s = l*d. Suppose s*h - 18 = -0*h. What are the prime factors of h?
3
Let g(u) be the first derivative of 2*u**2 - u + 2. Let d be g(1). Suppose -d*z + 58 = 2*a + 3*a, 0 = -5*a - 5*z + 60. List the prime factors of a.
11
List the prime factors of (-2)/8 + (-377)/(-52).
7
Let c(y) = -y**3 - 9*y**2 + 14*y - 9. What are the prime factors of c(-11)?
79
Let u = 191 + -77. Suppose 5*x = -2*d + u, 3*d + 46 = 5*x - 83. What are the prime factors of x?
2, 3
Suppose m - 3*o = -o - 13, -3*m + 3*o = 24. Let x be -1*m*(3 + -2). Suppose -x*k + 9 = -3*s, -5*s = 4*k + k - 15. List the prime factors of k.
3
Suppose 0 = 3*s - 127 + 19. Suppose y = 3*z - 20, -5*z + y - 2*y = -s. What are the prime factors of z?
7
Suppose 0*k - 5*k = 3*a - 440, -5*k + 440 = -a. List the prime factors of k.
2, 11
Let t = 51 - 24. List the prime factors of t.
3
Suppose 0 = 3*m - 3 + 18. Let r be (-2)/(-5) + 13/5. What are the prime factors of (m - -13) + r + -1?
2, 5
Suppose 2*v - 66 = -0*v. What are the prime factors of (v/1)/(3 + -2)?
3, 11
Suppose -5*x + 85 = -80. What are the prime factors of x?
3, 11
Let l = -1 + 5. Let p be (-3 + 1)*18/l. List the prime factors of (3/(-3))/(1/p).
3
Suppose 3*y - 5*i = 172 + 114, 2*i - 390 = -4*y. List the prime factors of y.
97
Suppose -9*g + 2167 = 2*g. List the prime factors of g.
197
Suppose 0 = 3*x - 3*n - 52 - 17, 0 = 5*x + 2*n - 150. What are the prime factors of x?
2, 7
Let q = 14 + -11. Suppose -4*p - 136 = -9*p + 3*d, 0 = q*d - 9. List the prime factors of p.
29
Let k(c) be the second derivative of c**5/20 + 2*c**4/3 - 3*c**3/2 + 5*c**2/2 + c. Suppose -4*f - 34 = 2*r, -r - 4*f - 23 = 2. List the prime factors of k(r).
5
Let l = 7 + 13. List the prime factors of l.
2, 5
Suppose 13 = -2*k + 5. Let m be (-30)/k*4/5. Let o = m - 2. What are the prime factors of o?
2
Let k(q) = -q**3 - q**2 + 2*q + 3. Let b be k(-3). What are the prime factors of ((-9)/b)/(2/(-10))?
3
List the prime factors of 2 - 1 - 7/14*-166.
2, 3, 7
Let d(j) = j + 16. List the prime factors of d(14).
2, 3, 5
Let c(n) = n**3 + 9*n**2 + n - 2. Let m be c(-8). Suppose -b + 3*b - m = 0. What are the prime factors of b?
3
Let d be (8 + -7)/(2/6). Suppose -54 = -3*s + 5*m, d*m - 29 = -4*s + 14. List the prime factors of s.
13
Let a(q) = -3*q - 1. Let b be a(-3). What are the prime factors of 0 + 12 + b + -6?
2, 7
Let t be -4 + 2 - 2*4. Let l be 298/t + 1/(-5). What are the prime factors of (3/(-5))/(2/l)?
3
Suppose -3*h - 70 = -5*h - 2*q, 0 = -4*h - 2*q + 144. What are the prime factors of h?
37
Let d = 33 + -1. List the prime factors of d.
2
Let f(n) = -48*n**3 - 2*n**2 - n. What are the prime factors of f(-1)?
47
Suppose -3*m + 1 + 11 = 2*b, m - 4*b + 10 = 0. Let c(u) = -2*u + 0*u**m + 0*u - 4 + u**2. What are the prime factors of c(-3)?
11
Let b be (-3 + 5)*(0 - -20). Suppose -3*o + 5*o - b = 0. Suppose 0*u = -5*u + o. List the prime factors of u.
2
Suppose 2*b - 245 = -2*c + b, -5*c = 2*b - 610. List the prime factors of c.
2, 3, 5
Let h be (1 - 7)/(0 + -1). Let s = 2 - h. List the prime factors of (s - -3)*(-1 + -10).
11
Let p(u) = u**3 + 14*u**2 + 2*u - 15. List the prime factors of p(-13).
2
Let t(u) = 2*u**2 + 1. Suppose v - 3*v = -4. List the prime factors of t(v).
3
What are the prime factors of 70/4 - (-2)/(-4)?
17
Let q be (2 - 12/5)*5. Let o be 6/4*(0 - q). Suppose -3*c - o = -30. What are the prime factors of c?
3
Let c = 73 + -48. What are the prime factors of c?
5
Let d be 3*3 + 2 + -2. Suppose -15 = -5*v + 4*n, 5*v - 5*n = d*v - 53. List the prime factors of (4/(-4))/((-1)/v).
7
Let a(p) = 3*p + 2. Let k = 4 + -6. Let i be a(k). List the prime factors of (-1)/(-1) + (-40)/i.
11
Let o(k) = 3*k**2 + k. Let v be o(1). Let n(p) = 3*p - 3 + 1 - v*p**2 + 5*p**2. What are the prime factors of n(-6)?
2
Let b(c) = 23*c**2 + c + 1. List the prime factors of b(-1).
23
Suppose v = -3*l + 53, 0 = 2*v + l - 37 - 84. List the prime factors of v.
2, 31
Suppose -2*v = -x - 19, 3*v - 4*x - 39 = x. Suppose 3*u = -16 - v. List the prime factors of (-2)/u + 268/16.
17
Suppose -105 = -0*k - 5*k. List the prime factors of k.
3, 7
Suppose -4*o = -8*o. Suppose -2*t - i + 5*i - 4 = 0, 5*i = -4*t + 31. Suppose o*q - t = -q. What are the prime factors of q?
2
Suppose 5*r = r. Suppose -33 = 4*q + 3*f, 3*q + 3*f + 18 = -3. Let z = r - q. List the prime factors of z.
2, 3
Suppose 3*s - 2*r - 823 = 0, -3*s - 4*r = -2*s - 265. What are the prime factors of (-2)/(-3)*s/14?
13
Suppose -7 + 62 = -2*v + 5*h, -4*v = -4*h + 116. What are the prime factors of (9/6)/((-3)/v)?
3, 5
Let f = 8 + -5. Let o be 1 + f + (-1)/(-1). Suppose -48 = -o*i + 7. What are the prime factors of i?
11
Suppose -3*h + 77 = -28. What are the prime factors of h?
5, 7
Let a be ((-1)/((-2)/6))/1. What are the prime factors of 1*4 + -3 + a?
2
Suppose 0*l + 2*l = 62. Let a = l - 21. List the prime factors of a.
2, 5
Suppose 5*a - 4 = -g, a - 3 = -3*g + 9. Suppose g*q + 39 = 6*q - h, -65 = -3*q - 5*h. List the prime factors of (-9)/15 - (-412)/q.
2, 5
Let g(m) = -m**3 + 17*m**2 + 20*m - 1. List the prime factors of g(18).
5, 7
Let h(w) = w**3 + 7*w**2 + 6*w + 1. Let x be h(-6). Let v be x*(-2 + 1)*-21. Let c = -6 + v. List the prime factors of c.
3, 5
Suppose -4